nder when m is divided by 11?
10
Suppose 0 = 3*m + 13 - 43. Suppose y = -t + 6, 2*t = -3*y + 16 + 2. Calculate the remainder when m is divided by y.
4
Suppose 0*f + 4*m = 2*f - 104, -f - 3*m + 27 = 0. What is the remainder when 124 is divided by f?
40
Suppose -30 = 2*v - 4*v. What is the remainder when 104 is divided by v?
14
Let t(c) = c**3 - 2*c**2 - 6*c + 6. Suppose 5*k = -2*q + 27 - 9, 3*k - 15 = 3*q. Suppose l = k*l - 15. Calculate the remainder when t(4) is divided by l.
4
Suppose x - 6*x + 35 = 0. Suppose 0 = -x*n + 2*n. Suppose -m + 76 = 4*m - 3*t, n = -m - 3*t + 26. What is the remainder when 33 is divided by m?
16
Let o be ((-4)/1 - -2)/(-1). Let n(f) = -2*f - 1 + 11*f**o + 4*f - f. Calculate the remainder when n(-2) is divided by 14.
13
Let s(b) = 3 - b**2 + 12 - 1 + 0*b**2 - 11*b. Calculate the remainder when 41 is divided by s(-11).
13
Let a(r) = r + 4. Let x be a(-2). Suppose 0 = -x*d - 0*f - 2*f + 98, -2*d = -4*f - 110. Calculate the remainder when d is divided by 13.
12
Let h(g) = g**3 + 11*g**2 - 3*g - 16. Let f be h(-11). Suppose -5*r = x - f, r = -0*x + x + 1. What is the remainder when 7 is divided by r?
1
Let l be 2 + 21 - (1 + 1). Let z = -8 + l. Calculate the remainder when z is divided by 5.
3
Let l = 42 + -16. Suppose -4*j + 0 + 4 = 0. Suppose -j + 8 = o. What is the remainder when l is divided by o?
5
Suppose -3*t - 2*u + 245 = 0, 0*t = -4*t + 2*u + 336. Calculate the remainder when t is divided by 21.
20
Suppose -2*t - 79 = -3*w - 15, -3*t - 107 = -5*w. Suppose 0 = -u + 4 + 4. What is the remainder when w is divided by u?
6
Suppose -4*z - z - 49 = -4*v, v - 4*z = 26. Calculate the remainder when 32 is divided by v.
2
Calculate the remainder when (362/(-6))/((-7)/21) is divided by 37.
33
Let k(x) = -46*x - 4. Let s be k(4). Let v = s - -329. Suppose 2*i = 3*z + v - 46, 5 = 5*z. What is the remainder when i is divided by 17?
15
Suppose 4*t + 211 = 5*q, -5*q - 3*t + 243 = 25. Suppose 0 = 5*p - q + 8. Let s(g) = g**2 - 2*g + 5. What is the remainder when s(4) is divided by p?
6
Let m be (27/45)/(1/5). Let r(b) = b + 3. Calculate the remainder when r(m) is divided by 4.
2
Let g be (33/(-9))/(-4 - (-100)/24). Let m(q) = 2*q**2 - 7*q - 10. Let a be m(7). Let i = a + g. What is the remainder when i is divided by 9?
8
Suppose 0*q + 212 = 4*q - 5*b, -5*q + 2*b + 265 = 0. Calculate the remainder when q is divided by 27.
26
Suppose -9 = 3*i, 3*o - 38 = -2*i + 43. What is the remainder when o is divided by 16?
13
Let r(p) = 2*p**2 + 3*p + 9. Let g be r(-6). Suppose 3*v = 4*v - 4. Suppose i = v*i - g. Calculate the remainder when i is divided by 11.
10
Suppose 5*j = 19 + 6. Suppose -3 = q - 4*y, -2*q = -4*q + j*y + 9. Calculate the remainder when 48 is divided by q.
14
Let w(g) = 4 + 5*g - 8*g + 0*g. What is the remainder when w(-4) is divided by 9?
7
Suppose 171 = 3*r - 3*z - 42, 5*z - 315 = -5*r. What is the remainder when r is divided by 34?
33
Suppose -5*g - 230 = -5*h, -4*h + 3*h + 3*g + 56 = 0. Calculate the remainder when 119 is divided by h.
37
Let l = -45 + 82. Suppose -c - c + 26 = 0. What is the remainder when l is divided by c?
11
What is the remainder when 396/16 - (-1)/4 is divided by 9?
7
Suppose 0 = -6*s + 3*s + 42. Calculate the remainder when 66 is divided by s.
10
Let n(x) = -4*x - 5. Let g(k) = 8*k + 10. Let p(j) = -4*g(j) - 7*n(j). Calculate the remainder when ((-29)/(-4))/(1/4) is divided by p(-5).
14
Let f(l) = -l**3 + 2*l**2 + 12*l - 9. What is the remainder when f(-4) is divided by 7?
4
Let s = 1 - -23. Suppose -r = -5*r + 36. Calculate the remainder when s is divided by r.
6
Let h = -11 - -15. Suppose w = -h*m + 6, 0*m - m = -3. Let g(k) = -k**2 - 10*k - 8. What is the remainder when 46 is divided by g(w)?
14
Suppose 5*l = -41 + 121. Calculate the remainder when 43 is divided by l.
11
Suppose -2*v - 55 = -5*k, k + 4 = 3*v + 2. Let l(r) = 9*r - 4. What is the remainder when l(3) is divided by k?
10
Calculate the remainder when 198 is divided by -20*((-6)/27 - (-64)/(-36)).
38
Let p(c) = 1 + c**3 + 2 - c + 7*c**2 + 0*c. Let f(k) = -2*k + 21. Let x be f(14). Calculate the remainder when p(x) is divided by 4.
2
Let r(n) = 2*n + 6. Let j(b) = -41*b**3 + 2*b - 1. Let f be j(1). Let k be f/(-6) + 4/(-6). Calculate the remainder when 34 is divided by r(k).
16
Let l(b) be the third derivative of -b**5/60 + b**4/2 - 2*b**3 + b**2. What is the remainder when l(8) is divided by 6?
2
Let q(w) = -w**2 + 6*w - 4. Let i be q(6). Calculate the remainder when 21 is divided by i/4 + 3 - -9.
10
Let c(g) = 2*g + 2. Let l be c(10). What is the remainder when ((-33)/l)/(3/(-184)) is divided by 24?
20
What is the remainder when 1 is divided by (-5)/10 - (-9)/6?
0
Let a be (-2)/(-1) + -22 + 1. Let b = a + 29. Suppose -6*i + 87 = -3*i. What is the remainder when i is divided by b?
9
Let k = -6 + 2. Let l(w) = w**2 + 3*w - 2. Let q be l(k). Let v(u) = 4*u**3 - 2*u**2 + u. What is the remainder when v(q) is divided by 9?
8
Let w(i) = 69*i + 1. Let l(y) = -10*y + 15. Calculate the remainder when w(2) is divided by l(-2).
34
Suppose -3*f + l = -20, 3*f = 5*l + 21 - 5. Let t(c) = c**3 - 7*c**2 + c + 8. Calculate the remainder when t(f) is divided by 8.
7
Let f(a) = -3*a + 5. Let u = -1 - -11. Calculate the remainder when f(-4) is divided by u.
7
Let x(f) = -6*f - 15. Let y be x(-6). Let z = y + -19. What is the remainder when z is divided by 1?
0
Suppose 83 = 4*u - 3*j, -4*u + 86 = 2*j - 4*j. Let i = -14 + 27. What is the remainder when u is divided by i?
10
Let t(y) = -y**2 + 13*y + 4. What is the remainder when 45 is divided by t(12)?
13
Let v be -3 + 5 - 15 - 0. Let r = 34 + v. Calculate the remainder when r is divided by 8.
5
Let x = -23 + 36. What is the remainder when x is divided by 3 + (0 + -1)*-2?
3
Suppose 0*o + 10 = o. What is the remainder when 16 is divided by o?
6
Let u(p) = -23*p - 2. Let s(d) = d**3 + 4*d**2 - d - 2. Calculate the remainder when u(-1) is divided by s(-2).
5
Let c(s) = -s**3 + 5*s**2 - 4*s + 2. Let p = -2 - -4. Suppose 2 = p*g - 4. Calculate the remainder when c(3) is divided by g.
2
Suppose -b + 2*b - 8 = 0. Calculate the remainder when 30 is divided by b.
6
What is the remainder when 4 - (8/4 + -20) is divided by 8?
6
Suppose 25 = 3*m - 2. Suppose 3*v - 57 - m = 0. Suppose 25 = 2*d + 3*i, 2*d - 26 = -5*i + 5. Calculate the remainder when v is divided by d.
6
Suppose -3*n + 165 = 2*n. What is the remainder when n is divided by 9?
6
Let t = -13 + -2. Let l = 29 + t. Calculate the remainder when 25 is divided by l.
11
Suppose o = 5*o + 4*p + 140, -o - 60 = -4*p. Suppose d + 4*k + 11 = 2*k, -5*d - k = 28. What is the remainder when (-4)/(o/(-18))*d is divided by 5?
4
Calculate the remainder when 42 is divided by (-1)/(-2)*24 - 1.
9
Calculate the remainder when 1073/7 + 2/(-7) is divided by 39.
36
Suppose -10*o = -2*o - 504. What is the remainder when o is divided by 17?
12
Suppose -l + 35 = -3*p, 0 = 4*l + 3*p + 2*p - 157. Let m be 0/(2*-1) + 1. Let i(y) = 12*y**2 + y. Calculate the remainder when l is divided by i(m).
12
Suppose -5*r = -0*r - 20. Suppose r = -2*a + 8. Suppose -5*s + 4*x + 14 = -0*x, a*s - 5 = x. What is the remainder when s is divided by 2?
0
Suppose -9 = 2*a - 3*h, 2*h = -4*a + 2*a + 16. Let s = -5 - -10. Suppose -4*u - u = -i + 13, -5*u = s. What is the remainder when i is divided by a?
2
Suppose 0 = 4*g - 5*w - 264, -3*w + 364 = 4*g + 68. Let y = 129 - g. Calculate the remainder when y is divided by 20.
18
Let a(g) = g**3 + 6*g**2 - g - 4. Let n be a(-6). Let s = 6 - n. What is the remainder when 8 is divided by s?
0
Let c(p) = 0*p**2 - 16 + 19 + p - p**2. What is the remainder when 6 is divided by c(0)?
0
Suppose -15*x - 206 = -17*x. Calculate the remainder when x is divided by 13.
12
Let p = 5 + 1. Calculate the remainder when p + (-1 - -4 - 0) is divided by 5.
4
Suppose 3*q + 27 = -0*b - 4*b, 4*q = 3*b + 39. Let c = 11 + b. What is the remainder when 5 is divided by c?
1
Suppose -5*p + 16 = x, -2*p - 2*p - 88 = -4*x. Suppose x = -2*j + 57. What is the remainder when j is divided by 5?
3
Suppose -r + 10 = -2*t + 3*t, 4*t = 3*r - 16. Suppose -9*h = -5*h + r. Let k = 12 + h. What is the remainder when 18 is divided by k?
8
Let l be 38/8 + (-2)/(-8). Let m(r) = 3*r - 4. Calculate t